(-26 + 25). Let h(k) = 6*k + 0*k**3 + k**3 - 4*k**2 - 2*k**3. Give h(q).
-5
Suppose 0 = 4*f - 2*f. Let z(i) = -i**3 - i. Give z(f).
0
Let h(s) = s - 8. Let j(i) = 2*i + 8. Let g be j(-4). What is h(g)?
-8
Let f(p) be the first derivative of p**4/4 + p**3/3 - 2*p**2 - 3*p + 1. Let d(w) = w**3 - 21*w**2 + 22*w - 42. Let a be d(20). Calculate f(a).
1
Suppose g - 1 = -3*y + 3, -1 = -y. Let b(l) = 1 - 4 - 4*l + 2. What is b(g)?
-5
Let n(g) = 2*g - 1. Suppose -b + 0 = -4. Determine n(b).
7
Suppose 4 = l + 27. Let w = 16 + l. Let y(t) = -t**2 - 5*t + 9. What is y(w)?
-5
Suppose -h = -o + 1, -3*h - 1 = -h - 3*o. Let m(g) = -4*g - g**2 + g - g. Give m(h).
4
Suppose 0 = 5*t - 25, 2*t = 5*u + 7*t. Let f(q) = -q**2 - 6*q + 1. Determine f(u).
6
Let m(x) = -x**3 + 6*x**2 - 6*x + 2. Let z(s) = -6*s - 1. Let l be z(-1). Calculate m(l).
-3
Let k(u) = -u**2 - u. Suppose -12 = -7*t + 13*t. Calculate k(t).
-2
Suppose 0*s = 5*s. Let w(d) = -4*d**3 - d + 4*d**3 - 6*d**3 + s*d**3 - d**2. What is w(-1)?
6
Let b(d) = 2*d**2 - 2*d + 1. Let a be (-30)/(-9)*6/(-5). Let g be (0 + 2)*(-2)/a. What is b(g)?
1
Let v be (0 - -3)*1/1. Let x(h) = 2 + 1 + 0*h + v*h. What is x(-3)?
-6
Let s be (-10)/3*48/20. Let u(y) = y**3 + 8*y**2 - 10. Determine u(s).
-10
Let f(i) = -i**2 + i. Let t(o) = -2*o**2 + o. Let w(q) = -11*f(q) + 6*t(q). Calculate w(-3).
6
Let s(i) be the third derivative of i**5/60 + i**4/8 - 2*i**3/3 + 4*i**2. Calculate s(-3).
-4
Let r(t) = t + 3. Suppose -p - 3*q + 4 = -2*q, p = -3*q. Let c be 1 - 1/(2/p). Let k be 0/c - (8 + -5). Determine r(k).
0
Let j = -3 - -6. Let r(n) be the second derivative of -n**5/20 + n**4/12 + n**3/2 + 18*n. Calculate r(j).
-9
Let g(v) = -v**2 - 2*v + 23. Let s be g(-6). Let q(a) = -9*a**2 + a + 1. Give q(s).
-9
Let j(n) = -n - 1. Let d be j(-7). Let a = -7 + d. Let l(c) = c**3 + c**2 - c. What is l(a)?
1
Let l(p) = p**2 + 5*p - 8. Let g be l(-6). Let a = g + -2. Let w(h) be the third derivative of h**4/24 + 2*h**3/3 - 4*h**2. Calculate w(a).
0
Let s(d) = 2*d + 3. Suppose 3 = 4*l + j - 8, -l + 3*j + 6 = 0. Suppose g - 3*c = -11, -5*c + 4*c = -l. Determine s(g).
-1
Let b(r) = r**3 - 5*r**2 + 2. Suppose 5*z + 0*z - 25 = 0. Calculate b(z).
2
Let d(o) = -o + 3. Let r be d(5). Let x(u) = -3*u**3 - u**2 + 3*u + 3. Determine x(r).
17
Let j = 1 + -1. Suppose j = -3*d + 4*b - 8, 2*d + 4*b + b - 10 = 0. Let v(l) = -l - 3. Determine v(d).
-3
Let l(f) = 8*f + 0*f - f - 2*f - 1. Determine l(-1).
-6
Let j(d) be the third derivative of d**5/60 - d**4/6 - 2*d**3/3 + 2*d**2 - 46. Determine j(-3).
17
Let y(o) be the first derivative of o**4/24 - o**3/6 + o**2/2 + 3. Let j(v) be the second derivative of y(v). Let s be (-1 - -1)/(1 - 2). Calculate j(s).
-1
Let w be 3/2 - 65/(-26). Let r(h) be the second derivative of -h - 2*h**2 + 0 + 1/6*h**3. Determine r(w).
0
Let u(n) be the second derivative of -n**3/3 + 2*n**2 + 3*n. Determine u(4).
-4
Let f(b) = b + 6. Let n be f(-5). Suppose 5*x = -y - 16, 2*y + 5*x + 43 = n. Let j be 4/y + 640/104. Let h(t) = t**2 - 5*t - 7. Determine h(j).
-1
Let i(a) = -8*a**2 + 3 + 0*a**3 - 7*a**3 + 7*a + 13*a**3 - 5*a**3. Determine i(7).
3
Suppose 4*k + n = -3*n - 16, 4*k - n = -1. Let f be (-1)/2*(-5 - k). Let b(h) be the third derivative of h**5/60 - h**4/12 - h**3/6 + h**2. Give b(f).
-1
Let m(b) = -2*b - 2. Let f(o) = 22 + 3*o + 0 - 3. Let t(z) = 2*z + 10. Let j(p) = 3*f(p) - 5*t(p). Let y be j(5). What is m(y)?
-6
Let w(h) = 2*h - 7. Let r(d) = -4*d - 10. Let u be r(-4). Determine w(u).
5
Let u = -2 - 8. Let s be (-1 + u/(-14))*-7. Let g(w) = -w. Give g(s).
-2
Let p(u) be the second derivative of u**5/20 - 5*u**4/12 + u**3/6 - u**2/2 - 47*u. Calculate p(5).
4
Let f(r) be the first derivative of 0*r**2 - 1/3*r**3 - 1 + 6*r. Let h be 3/(-2) - 9/(-6). Calculate f(h).
6
Let j be (-11)/(44/16) + -5. Let o(q) = -q - 21. What is o(j)?
-12
Let g(w) = -w**2. Suppose 5*r = 4*m - m, m = -4*r. Suppose -x + m*x = 0. Calculate g(x).
0
Let x(v) = 6*v**3 + 5*v**2 - 5. Let w(n) = n**3 + n**2 - 1. Let a(k) = -15*w(k) + 3*x(k). Give a(1).
3
Let t(x) = -3*x**3 + 3*x**2 + x + 2. Let n(l) = l**3. Let i(g) = -4*n(g) - t(g). Determine i(-3).
1
Suppose 29 = 3*x - 2*n + 6*n, -22 = x - 5*n. Let p(m) = m - 6 + m - x*m + 4. Let d(u) = u - 9. Let z be d(4). Give p(z).
3
Let l(s) be the second derivative of -5*s - 5/2*s**2 - 1/12*s**4 + 0 + 5/6*s**3. Determine l(5).
-5
Let n(w) = w**2 - 3*w - 6. Let o be n(5). Let h(z) = z - 2. What is h(o)?
2
Let r(n) be the third derivative of -n**5/60 - 7*n**4/24 - 2*n**3/3 + 39*n**2. Give r(-7).
-4
Let r(x) = 4*x**3 - 3*x**2 - 2*x - 5. Let q(u) = 5*u**3 - 4*u**2 - 2*u - 6. Let a(i) = -5*q(i) + 6*r(i). Let t = 3 + -1. What is a(t)?
-4
Let a(d) = -d**3 + 5*d**2 + 2*d - 7. Let k(g) = g**3 + 19*g**2 - 21*g - 14. Let j be k(-20). What is a(j)?
-31
Let z(k) = -3*k - 4. Let c(m) be the third derivative of m**5/60 + m**4/8 - m**3/3 - 2*m**2. Let s be c(-3). Let x be (2 - s) + -2 + -5. Calculate z(x).
5
Suppose q + 8 = 29. Let p be (-2)/(-7) - 6/q. Let c(t) = t - 9. Determine c(p).
-9
Let i be 1 + (0 - -5) - 1. Suppose 4*x + x - i = 0. Let h(b) = 0*b**2 + 79 + 79 - 237 + 3*b**2 + b + 78. What is h(x)?
3
Let x(b) = -4*b - 10. Let p be 21 - 16 - (14 + -1). Determine x(p).
22
Let m(i) be the first derivative of -5*i**3/3 + i**2/2 - 5. Determine m(2).
-18
Let k(a) = -4*a**3 - 5*a**2 + 14*a - 3. Let n(m) = m**3 - m**2 - m - 1. Let h(s) = -k(s) - 5*n(s). Calculate h(9).
8
Let j(a) be the third derivative of 3*a**6/40 + a**5/30 + a**4/24 - 2*a**2. Let g be (-2)/(-14) - 64/56. Give j(g).
-8
Let o(k) be the third derivative of k**6/120 - k**4/8 + k**3/2 - 16*k**2. Determine o(2).
5
Let n(j) = -j**2 + 3*j + 7. Let l be 0 - 3 - -6 - 5. Let a be l - (1 - 24/3). What is n(a)?
-3
Let t(p) = -2*p + 1. Let c be t(-1). Let h be -1*(1 - 6) - c. Let j(r) = 1 + 4*r - 2 + h*r**2 + 3. What is j(-2)?
2
Suppose r + 3 + 0 = 0. Let t(c) = -3*c - 12. Let q(u) = -u - 6. Let y(p) = r*t(p) + 7*q(p). Calculate y(4).
2
Let w(u) = u + 2. Let b be ((-6)/12)/((-1)/(-18)). Let p be 26/(-6) + (-3)/b. Calculate w(p).
-2
Let u(p) = p**2 + p - 1. Let t(j) = 3*j**2 - 2*j + 2. Let r(z) = t(z) + 2*u(z). Give r(1).
5
Let x(s) be the second derivative of -s**5/20 - s**4/6 - s**3/3 - s**2/2 - 4*s. Calculate x(-1).
0
Let v(j) = j**3 + 6*j**2 - 6*j + 7. Let i be v(-7). Suppose 4*r - 16 = 4*a, 2*r + r - 2*a - 12 = i. Let p(y) = -4 - y**2 + 0*y - 3*y + 7*y + y. What is p(r)?
0
Suppose -5*x = -4*n - 26, n + 6 = x - 0*n. Let w = 6 - 3. Let b(g) = 3*g**x - g**2 - 3*g**3 + 3 + 2*g**w. Give b(3).
-6
Let s be (-2 + (-82)/(-40))/1. Let k(w) be the second derivative of -w**2 + 1/6*w**4 + 0 - s*w**5 + 1/2*w**3 - 3*w. Give k(2).
4
Suppose 2*h + h + 10 = -2*d, 4*h + 18 = 2*d. Let p(g) = 7*g**2 + 15*g + 9. Let j(o) = 3*o**2 + 7*o + 4. Let u(s) = -5*j(s) + 2*p(s). Calculate u(h).
2
Suppose -4 = 3*w + w. Let i(s) = 18*s - 17. Let n(q) = 6*q - 6. Let z(v) = 6*i(v) - 17*n(v). Determine z(w).
-6
Let w(s) = -s - 1. Let x be w(-3). Let l = -3 - x. Let q(m) = m**3 + 6*m**2 + 4*m + 3. What is q(l)?
8
Suppose 3*z = -x + 4, -z - 2*x = -5 + 2. Let o(a) = -a. Let w be o(z). Let j(g) = -8*g**2 - 2*g - 1. What is j(w)?
-7
Let w(h) = 2*h + 1. Let d(r) be the third derivative of 2/15*r**5 + 0*r - 5/6*r**3 + r**2 - 1/24*r**4 + 1/120*r**6 + 0. Let u be d(-8). Calculate w(u).
7
Let k(p) = -11 + 3*p - 4*p + 21 - 2. Give k(6).
2
Let u = -3 + 2. Let l(g) be the second derivative of g**6/30 - g**3/6 + g**2/2 - g. Let r(q) be the first derivative of l(q). What is r(u)?
-5
Let n(c) = -2*c**2 + 7*c + 4. Let y(z) = z**2 - 6*z - 4. Let o(u) = 2*n(u) + 3*y(u). Determine o(-4).
-4
Let b(z) be the second derivative of -1/6*z**3 - 1/4*z**5 + 0 + 1/12*z**4 - 7*z - 1/2*z**2. Calculate b(-1).
6
Let n(y) = y**3 - y**2 + y + 2. Let g(o) = o + 2. Let h be g(2). Suppose 0 = -5*a - 5*x + 10, -x = -h*a + 4*x - 10. Calculate n(a).
2
Let s(t) be the third derivative of t**4/24 - 2*t**3/3 + t**2. Suppose 0 = -0*l - 8*l. Let r be s(l). Let d(g) = -g**3 - 3*g**2 + 3*g - 3. Give d(r).
1
Let t be 60/48 - 2/16*2. Let u = -6 + 9. Let w(z) = -z - z**3 + 3*z - 5*z + z - u*z**2 + t. Calculate w(-2).
1
Let h(p) = -p**3 + 4*p**2 + 6*p + 5. Suppose 6*y = y - 5*q + 50, -2*y - 4*q = -30. Calculate h(y).
10
Let l(d) = d**2 - 3*d - 1. Let c(